{"id":8624,"date":"2022-07-08T10:32:40","date_gmt":"2022-07-08T10:32:40","guid":{"rendered":"https:\/\/muchomobile.ch\/faq\/faq\/"},"modified":"2022-08-31T12:23:34","modified_gmt":"2022-08-31T12:23:34","slug":"faq","status":"publish","type":"page","link":"https:\/\/muchomobile.ch\/faq\/","title":{"rendered":"Faq"},"content":{"rendered":"<p>This is the archive page for the default knowledge base<\/p>\n","protected":false},"excerpt":{"rendered":"<p>This is the archive page for the default knowledge base<\/p>\n","protected":false},"author":1,"featured_media":0,"parent":0,"menu_order":0,"comment_status":"closed","ping_status":"closed","template":"","meta":{"_et_pb_use_builder":"on","_et_pb_old_content":"","_et_gb_content_width":"","footnotes":""},"class_list":["post-8624","page","type-page","status-publish","hentry"],"yoast_head":"<!-- This site is optimized with the Yoast SEO plugin v23.6 - https:\/\/yoast.com\/wordpress\/plugins\/seo\/ -->\n<title>FAQ | MUCHO Mobile | Op\u00e9rateur mobile pr\u00e9pay\u00e9 suisse<\/title>\n<meta name=\"description\" content=\"Dans cette section, vous trouverez toutes les questions et r\u00e9ponses les plus courantes concernant les produits de MUCHO Mobile, le meilleur op\u00e9rateur mobile de Suisse.\" \/>\n<meta name=\"robots\" content=\"index, follow, max-snippet:-1, max-image-preview:large, max-video-preview:-1\" \/>\n<link rel=\"canonical\" href=\"https:\/\/muchomobile.ch\/faq\/\" \/>\n<meta property=\"og:locale\" content=\"fr_FR\" \/>\n<meta property=\"og:type\" content=\"article\" \/>\n<meta property=\"og:title\" content=\"FAQ | MUCHO Mobile | Op\u00e9rateur mobile pr\u00e9pay\u00e9 suisse\" \/>\n<meta property=\"og:description\" content=\"Dans cette section, vous trouverez toutes les questions et r\u00e9ponses les plus courantes concernant les produits de MUCHO Mobile, le meilleur op\u00e9rateur mobile de Suisse.\" \/>\n<meta property=\"og:url\" content=\"https:\/\/muchomobile.ch\/faq\/\" \/>\n<meta property=\"og:site_name\" content=\"FAQ | Mucho Mobile\" \/>\n<meta property=\"article:modified_time\" content=\"2022-08-31T12:23:34+00:00\" \/>\n<meta name=\"twitter:card\" content=\"summary_large_image\" \/>\n<meta name=\"twitter:label1\" content=\"Dur\u00e9e de lecture estim\u00e9e\" \/>\n\t<meta name=\"twitter:data1\" content=\"1 minute\" \/>\n<script type=\"application\/ld+json\" class=\"yoast-schema-graph\">{\"@context\":\"https:\/\/schema.org\",\"@graph\":[{\"@type\":\"WebPage\",\"@id\":\"https:\/\/muchomobile.ch\/faq\/\",\"url\":\"https:\/\/muchomobile.ch\/faq\/\",\"name\":\"FAQ | MUCHO Mobile | Op\u00e9rateur mobile pr\u00e9pay\u00e9 suisse\",\"isPartOf\":{\"@id\":\"https:\/\/muchomobile.ch\/faq\/#website\"},\"datePublished\":\"2022-07-08T10:32:40+00:00\",\"dateModified\":\"2022-08-31T12:23:34+00:00\",\"description\":\"Dans cette section, vous trouverez toutes les questions et r\u00e9ponses les plus courantes concernant les produits de MUCHO Mobile, le meilleur op\u00e9rateur mobile de Suisse.\",\"breadcrumb\":{\"@id\":\"https:\/\/muchomobile.ch\/faq\/#breadcrumb\"},\"inLanguage\":\"fr-FR\",\"potentialAction\":[{\"@type\":\"ReadAction\",\"target\":[\"https:\/\/muchomobile.ch\/faq\/\"]}]},{\"@type\":\"BreadcrumbList\",\"@id\":\"https:\/\/muchomobile.ch\/faq\/#breadcrumb\",\"itemListElement\":[{\"@type\":\"ListItem\",\"position\":1,\"name\":\"Home\",\"item\":\"https:\/\/muchomobile.ch\/faq\/\"},{\"@type\":\"ListItem\",\"position\":2,\"name\":\"Faq\"}]},{\"@type\":\"WebSite\",\"@id\":\"https:\/\/muchomobile.ch\/faq\/#website\",\"url\":\"https:\/\/muchomobile.ch\/faq\/\",\"name\":\"FAQ | Mucho Mobile\",\"description\":\"Free on the best mobile network at the best price\",\"publisher\":{\"@id\":\"https:\/\/muchomobile.ch\/faq\/#organization\"},\"potentialAction\":[{\"@type\":\"SearchAction\",\"target\":{\"@type\":\"EntryPoint\",\"urlTemplate\":\"https:\/\/muchomobile.ch\/faq\/?s={search_term_string}\"},\"query-input\":{\"@type\":\"PropertyValueSpecification\",\"valueRequired\":true,\"valueName\":\"search_term_string\"}}],\"inLanguage\":\"fr-FR\"},{\"@type\":\"Organization\",\"@id\":\"https:\/\/muchomobile.ch\/faq\/#organization\",\"name\":\"Mucho Mobile\",\"url\":\"https:\/\/muchomobile.ch\/faq\/\",\"logo\":{\"@type\":\"ImageObject\",\"inLanguage\":\"fr-FR\",\"@id\":\"https:\/\/muchomobile.ch\/faq\/#\/schema\/logo\/image\/\",\"url\":\"https:\/\/muchomobile.ch\/blog\/wp-content\/uploads\/2021\/06\/Logo-MuchoMobile.png\",\"contentUrl\":\"https:\/\/muchomobile.ch\/blog\/wp-content\/uploads\/2021\/06\/Logo-MuchoMobile.png\",\"width\":122,\"height\":41,\"caption\":\"Mucho Mobile\"},\"image\":{\"@id\":\"https:\/\/muchomobile.ch\/faq\/#\/schema\/logo\/image\/\"}}]}<\/script>\n<!-- \/ Yoast SEO plugin. -->","yoast_head_json":{"title":"FAQ | MUCHO Mobile | Op\u00e9rateur mobile pr\u00e9pay\u00e9 suisse","description":"Dans cette section, vous trouverez toutes les questions et r\u00e9ponses les plus courantes concernant les produits de MUCHO Mobile, le meilleur op\u00e9rateur mobile de Suisse.","robots":{"index":"index","follow":"follow","max-snippet":"max-snippet:-1","max-image-preview":"max-image-preview:large","max-video-preview":"max-video-preview:-1"},"canonical":"https:\/\/muchomobile.ch\/faq\/","og_locale":"fr_FR","og_type":"article","og_title":"FAQ | MUCHO Mobile | Op\u00e9rateur mobile pr\u00e9pay\u00e9 suisse","og_description":"Dans cette section, vous trouverez toutes les questions et r\u00e9ponses les plus courantes concernant les produits de MUCHO Mobile, le meilleur op\u00e9rateur mobile de Suisse.","og_url":"https:\/\/muchomobile.ch\/faq\/","og_site_name":"FAQ | Mucho Mobile","article_modified_time":"2022-08-31T12:23:34+00:00","twitter_card":"summary_large_image","twitter_misc":{"Dur\u00e9e de lecture estim\u00e9e":"1 minute"},"schema":{"@context":"https:\/\/schema.org","@graph":[{"@type":"WebPage","@id":"https:\/\/muchomobile.ch\/faq\/","url":"https:\/\/muchomobile.ch\/faq\/","name":"FAQ | MUCHO Mobile | Op\u00e9rateur mobile pr\u00e9pay\u00e9 suisse","isPartOf":{"@id":"https:\/\/muchomobile.ch\/faq\/#website"},"datePublished":"2022-07-08T10:32:40+00:00","dateModified":"2022-08-31T12:23:34+00:00","description":"Dans cette section, vous trouverez toutes les questions et r\u00e9ponses les plus courantes concernant les produits de MUCHO Mobile, le meilleur op\u00e9rateur mobile de Suisse.","breadcrumb":{"@id":"https:\/\/muchomobile.ch\/faq\/#breadcrumb"},"inLanguage":"fr-FR","potentialAction":[{"@type":"ReadAction","target":["https:\/\/muchomobile.ch\/faq\/"]}]},{"@type":"BreadcrumbList","@id":"https:\/\/muchomobile.ch\/faq\/#breadcrumb","itemListElement":[{"@type":"ListItem","position":1,"name":"Home","item":"https:\/\/muchomobile.ch\/faq\/"},{"@type":"ListItem","position":2,"name":"Faq"}]},{"@type":"WebSite","@id":"https:\/\/muchomobile.ch\/faq\/#website","url":"https:\/\/muchomobile.ch\/faq\/","name":"FAQ | Mucho Mobile","description":"Free on the best mobile network at the best price","publisher":{"@id":"https:\/\/muchomobile.ch\/faq\/#organization"},"potentialAction":[{"@type":"SearchAction","target":{"@type":"EntryPoint","urlTemplate":"https:\/\/muchomobile.ch\/faq\/?s={search_term_string}"},"query-input":{"@type":"PropertyValueSpecification","valueRequired":true,"valueName":"search_term_string"}}],"inLanguage":"fr-FR"},{"@type":"Organization","@id":"https:\/\/muchomobile.ch\/faq\/#organization","name":"Mucho Mobile","url":"https:\/\/muchomobile.ch\/faq\/","logo":{"@type":"ImageObject","inLanguage":"fr-FR","@id":"https:\/\/muchomobile.ch\/faq\/#\/schema\/logo\/image\/","url":"https:\/\/muchomobile.ch\/blog\/wp-content\/uploads\/2021\/06\/Logo-MuchoMobile.png","contentUrl":"https:\/\/muchomobile.ch\/blog\/wp-content\/uploads\/2021\/06\/Logo-MuchoMobile.png","width":122,"height":41,"caption":"Mucho Mobile"},"image":{"@id":"https:\/\/muchomobile.ch\/faq\/#\/schema\/logo\/image\/"}}]}},"_links":{"self":[{"href":"https:\/\/muchomobile.ch\/faq\/wp-json\/wp\/v2\/pages\/8624"}],"collection":[{"href":"https:\/\/muchomobile.ch\/faq\/wp-json\/wp\/v2\/pages"}],"about":[{"href":"https:\/\/muchomobile.ch\/faq\/wp-json\/wp\/v2\/types\/page"}],"author":[{"embeddable":true,"href":"https:\/\/muchomobile.ch\/faq\/wp-json\/wp\/v2\/users\/1"}],"replies":[{"embeddable":true,"href":"https:\/\/muchomobile.ch\/faq\/wp-json\/wp\/v2\/comments?post=8624"}],"version-history":[{"count":1,"href":"https:\/\/muchomobile.ch\/faq\/wp-json\/wp\/v2\/pages\/8624\/revisions"}],"predecessor-version":[{"id":8625,"href":"https:\/\/muchomobile.ch\/faq\/wp-json\/wp\/v2\/pages\/8624\/revisions\/8625"}],"wp:attachment":[{"href":"https:\/\/muchomobile.ch\/faq\/wp-json\/wp\/v2\/media?parent=8624"}],"curies":[{"name":"wp","href":"https:\/\/api.w.org\/{rel}","templated":true}]}}